{"id":5862,"date":"2024-02-29T17:37:31","date_gmt":"2024-02-29T16:37:31","guid":{"rendered":"https:\/\/www.hgb-leipzig.de\/klasseblank\/?page_id=5862"},"modified":"2024-03-02T18:58:43","modified_gmt":"2024-03-02T17:58:43","slug":"no-longer-not-yet-2024","status":"publish","type":"page","link":"https:\/\/www.hgb-leipzig.de\/klasseblank\/?page_id=5862","title":{"rendered":"No longer [\u2026] not yet (2024)"},"content":{"rendered":"<h1><i>The paradox of the present absence <\/i><\/h1>\n<h1>[DE] Die Ausstellung &#8220;no longer [&#8230;] not yet&#8221; erkundet die Komplexit\u00e4t der Werke, die paradoxerweise pr\u00e4sent und unsichtbar zugleich sind. Student*innen der Klasse Installation und Raum setzen individuelle Arbeiten zum Thema<em> Abwesenheit<\/em> um. Die Frage nach dem &#8220;Wann&#8221; einer Arbeit wird aufgeworfen \u2013 manifestiert sie sich im Material oder reicht die k\u00f6rperlose Idee? Und erreicht sie ihre Vollst\u00e4ndigkeit erst bei der Pr\u00e4sentation oder Betrachtung? Ortspezifische bildhauerische Arbeiten \u00fcberleben oft nur digital und verschwinden im Lager. Die Ausstellungsarchitektur aus Aluminium-Gewebe greift diese Arbeitsprozess auf und schafft eine symbolische \u00dcbersetzung des digitalen in den analogen Raum.<\/h1>\n<h1>[EN] The exhibition &#8220;no longer [&#8230;] not yet&#8221; explores the complexity of the works, which are paradoxically present and invisible at the same time. Students in the Installation and Space class create individual works on the topic of absence. The question of \u201cwhen\u201d a work emerges \u2013 does it manifest itself in the material or is the disembodied idea enough? And does it only reach its completeness when it is presented or viewed? Site-specific sculptural works often only survive digitally and disappear into storage. The exhibition architecture made of aluminum fabric takes up this work process and creates a symbolic translation of digital into analogue space.<span class=\"Apple-converted-space\">\u00a0<\/span><\/h1>\n<h1><strong>K\u00fcnstler*innen \/ artists<\/strong>: Samuel Ellinghoven, Li Huhn, Arvid Jansen, Dayoung Jung, Laila Kamil, Brigita Kasperait\u0117, Kevin Heather Koen, Len K\u00f6ster, Tianxu Liu, Snow Paik, Kay Lotte Pommer, Oliver Schulz, David Schr\u00f6der, Svetlana Shilankova, Yashar Shirdel, Katharina Schreiter, Eszter Sz\u00f6ke, Vincent Wolff<\/h1>\n<h1>organisiert und kuratiert von \/ in collaboration with Anna Raczynska<\/h1>\n<p>&nbsp;<\/p>\n<p>Fotos: \u00a0Hanna K\u00f6nig<\/p>\n<p>&nbsp;<\/p>\n<p><span class=\"Apple-converted-space\"><img decoding=\"async\" loading=\"lazy\" class=\"alignnone wp-image-5884\" src=\"https:\/\/www.hgb-leipzig.de\/klasseblank\/wp-content\/uploads\/2024\/03\/hanna-koenig-20240214-00008-6-300x200.jpg\" alt=\"\" width=\"1011\" height=\"674\" srcset=\"https:\/\/www.hgb-leipzig.de\/klasseblank\/wp-content\/uploads\/2024\/03\/hanna-koenig-20240214-00008-6-300x200.jpg 300w, https:\/\/www.hgb-leipzig.de\/klasseblank\/wp-content\/uploads\/2024\/03\/hanna-koenig-20240214-00008-6-1024x683.jpg 1024w, https:\/\/www.hgb-leipzig.de\/klasseblank\/wp-content\/uploads\/2024\/03\/hanna-koenig-20240214-00008-6-768x512.jpg 768w, https:\/\/www.hgb-leipzig.de\/klasseblank\/wp-content\/uploads\/2024\/03\/hanna-koenig-20240214-00008-6-1536x1024.jpg 1536w, https:\/\/www.hgb-leipzig.de\/klasseblank\/wp-content\/uploads\/2024\/03\/hanna-koenig-20240214-00008-6.jpg 1800w\" sizes=\"(max-width: 1011px) 100vw, 1011px\" \/><\/span><\/p>\n<p>&nbsp;<\/p>\n<p><img decoding=\"async\" loading=\"lazy\" class=\"alignnone wp-image-5879\" src=\"https:\/\/www.hgb-leipzig.de\/klasseblank\/wp-content\/uploads\/2024\/03\/hanna-koenig-20240214-00031-31-300x200.jpg\" alt=\"\" width=\"1016\" height=\"677\" srcset=\"https:\/\/www.hgb-leipzig.de\/klasseblank\/wp-content\/uploads\/2024\/03\/hanna-koenig-20240214-00031-31-300x200.jpg 300w, https:\/\/www.hgb-leipzig.de\/klasseblank\/wp-content\/uploads\/2024\/03\/hanna-koenig-20240214-00031-31-1024x683.jpg 1024w, https:\/\/www.hgb-leipzig.de\/klasseblank\/wp-content\/uploads\/2024\/03\/hanna-koenig-20240214-00031-31-768x512.jpg 768w, https:\/\/www.hgb-leipzig.de\/klasseblank\/wp-content\/uploads\/2024\/03\/hanna-koenig-20240214-00031-31-1536x1024.jpg 1536w, https:\/\/www.hgb-leipzig.de\/klasseblank\/wp-content\/uploads\/2024\/03\/hanna-koenig-20240214-00031-31.jpg 1800w\" sizes=\"(max-width: 1016px) 100vw, 1016px\" \/><\/p>\n<p>&nbsp;<\/p>\n<p><img decoding=\"async\" loading=\"lazy\" class=\"alignnone wp-image-5888\" src=\"https:\/\/www.hgb-leipzig.de\/klasseblank\/wp-content\/uploads\/2024\/03\/hanna-koenig-20240214-00017-16-300x200.jpg\" alt=\"\" width=\"1016\" height=\"677\" srcset=\"https:\/\/www.hgb-leipzig.de\/klasseblank\/wp-content\/uploads\/2024\/03\/hanna-koenig-20240214-00017-16-300x200.jpg 300w, https:\/\/www.hgb-leipzig.de\/klasseblank\/wp-content\/uploads\/2024\/03\/hanna-koenig-20240214-00017-16-1024x683.jpg 1024w, https:\/\/www.hgb-leipzig.de\/klasseblank\/wp-content\/uploads\/2024\/03\/hanna-koenig-20240214-00017-16-768x512.jpg 768w, https:\/\/www.hgb-leipzig.de\/klasseblank\/wp-content\/uploads\/2024\/03\/hanna-koenig-20240214-00017-16-1536x1024.jpg 1536w, https:\/\/www.hgb-leipzig.de\/klasseblank\/wp-content\/uploads\/2024\/03\/hanna-koenig-20240214-00017-16.jpg 1800w\" sizes=\"(max-width: 1016px) 100vw, 1016px\" \/><\/p>\n<p>&nbsp;<\/p>\n<p><img decoding=\"async\" loading=\"lazy\" class=\"alignnone wp-image-5874\" src=\"https:\/\/www.hgb-leipzig.de\/klasseblank\/wp-content\/uploads\/2024\/03\/hanna-koenig-20240214-00189-190-200x300.jpg\" alt=\"\" width=\"626\" height=\"940\" srcset=\"https:\/\/www.hgb-leipzig.de\/klasseblank\/wp-content\/uploads\/2024\/03\/hanna-koenig-20240214-00189-190-200x300.jpg 200w, https:\/\/www.hgb-leipzig.de\/klasseblank\/wp-content\/uploads\/2024\/03\/hanna-koenig-20240214-00189-190-683x1024.jpg 683w, https:\/\/www.hgb-leipzig.de\/klasseblank\/wp-content\/uploads\/2024\/03\/hanna-koenig-20240214-00189-190-768x1152.jpg 768w, https:\/\/www.hgb-leipzig.de\/klasseblank\/wp-content\/uploads\/2024\/03\/hanna-koenig-20240214-00189-190-1024x1536.jpg 1024w, https:\/\/www.hgb-leipzig.de\/klasseblank\/wp-content\/uploads\/2024\/03\/hanna-koenig-20240214-00189-190.jpg 1200w\" sizes=\"(max-width: 626px) 100vw, 626px\" \/><\/p>\n<p>&nbsp;<\/p>\n<p><img decoding=\"async\" loading=\"lazy\" class=\"alignnone wp-image-5878\" src=\"https:\/\/www.hgb-leipzig.de\/klasseblank\/wp-content\/uploads\/2024\/03\/hanna-koenig-20240214-00009-8-300x200.jpg\" alt=\"\" width=\"1028\" height=\"685\" srcset=\"https:\/\/www.hgb-leipzig.de\/klasseblank\/wp-content\/uploads\/2024\/03\/hanna-koenig-20240214-00009-8-300x200.jpg 300w, https:\/\/www.hgb-leipzig.de\/klasseblank\/wp-content\/uploads\/2024\/03\/hanna-koenig-20240214-00009-8-1024x683.jpg 1024w, https:\/\/www.hgb-leipzig.de\/klasseblank\/wp-content\/uploads\/2024\/03\/hanna-koenig-20240214-00009-8-768x512.jpg 768w, https:\/\/www.hgb-leipzig.de\/klasseblank\/wp-content\/uploads\/2024\/03\/hanna-koenig-20240214-00009-8-1536x1024.jpg 1536w, https:\/\/www.hgb-leipzig.de\/klasseblank\/wp-content\/uploads\/2024\/03\/hanna-koenig-20240214-00009-8.jpg 1800w\" sizes=\"(max-width: 1028px) 100vw, 1028px\" \/><\/p>\n<p>&nbsp;<\/p>\n<p><img decoding=\"async\" loading=\"lazy\" class=\"alignnone wp-image-5880\" src=\"https:\/\/www.hgb-leipzig.de\/klasseblank\/wp-content\/uploads\/2024\/03\/hanna-koenig-20240214-00210-211-300x200.jpg\" alt=\"\" width=\"1029\" height=\"686\" srcset=\"https:\/\/www.hgb-leipzig.de\/klasseblank\/wp-content\/uploads\/2024\/03\/hanna-koenig-20240214-00210-211-300x200.jpg 300w, https:\/\/www.hgb-leipzig.de\/klasseblank\/wp-content\/uploads\/2024\/03\/hanna-koenig-20240214-00210-211-1024x683.jpg 1024w, https:\/\/www.hgb-leipzig.de\/klasseblank\/wp-content\/uploads\/2024\/03\/hanna-koenig-20240214-00210-211-768x512.jpg 768w, https:\/\/www.hgb-leipzig.de\/klasseblank\/wp-content\/uploads\/2024\/03\/hanna-koenig-20240214-00210-211-1536x1024.jpg 1536w, https:\/\/www.hgb-leipzig.de\/klasseblank\/wp-content\/uploads\/2024\/03\/hanna-koenig-20240214-00210-211.jpg 1800w\" sizes=\"(max-width: 1029px) 100vw, 1029px\" \/><\/p>\n","protected":false},"excerpt":{"rendered":"<p>The paradox of the present absence [DE] Die Ausstellung &#8220;no longer [&#8230;] not yet&#8221; erkundet die Komplexit\u00e4t der Werke, die paradoxerweise pr\u00e4sent und unsichtbar zugleich sind. Student*innen der Klasse Installation und Raum setzen individuelle Arbeiten zum Thema Abwesenheit um. Die Frage nach dem &#8220;Wann&#8221; einer Arbeit wird aufgeworfen \u2013 manifestiert sie sich im Material oder &hellip; <a href=\"https:\/\/www.hgb-leipzig.de\/klasseblank\/?page_id=5862\">Continued<\/a><\/p>\n","protected":false},"author":1,"featured_media":0,"parent":0,"menu_order":5,"comment_status":"closed","ping_status":"closed","template":"","meta":[],"acf":[],"_links":{"self":[{"href":"https:\/\/www.hgb-leipzig.de\/klasseblank\/index.php?rest_route=\/wp\/v2\/pages\/5862"}],"collection":[{"href":"https:\/\/www.hgb-leipzig.de\/klasseblank\/index.php?rest_route=\/wp\/v2\/pages"}],"about":[{"href":"https:\/\/www.hgb-leipzig.de\/klasseblank\/index.php?rest_route=\/wp\/v2\/types\/page"}],"author":[{"embeddable":true,"href":"https:\/\/www.hgb-leipzig.de\/klasseblank\/index.php?rest_route=\/wp\/v2\/users\/1"}],"replies":[{"embeddable":true,"href":"https:\/\/www.hgb-leipzig.de\/klasseblank\/index.php?rest_route=%2Fwp%2Fv2%2Fcomments&post=5862"}],"version-history":[{"count":12,"href":"https:\/\/www.hgb-leipzig.de\/klasseblank\/index.php?rest_route=\/wp\/v2\/pages\/5862\/revisions"}],"predecessor-version":[{"id":5893,"href":"https:\/\/www.hgb-leipzig.de\/klasseblank\/index.php?rest_route=\/wp\/v2\/pages\/5862\/revisions\/5893"}],"wp:attachment":[{"href":"https:\/\/www.hgb-leipzig.de\/klasseblank\/index.php?rest_route=%2Fwp%2Fv2%2Fmedia&parent=5862"}],"curies":[{"name":"wp","href":"https:\/\/api.w.org\/{rel}","templated":true}]}}