{"id":5303,"date":"2022-10-04T15:00:40","date_gmt":"2022-10-04T13:00:40","guid":{"rendered":"https:\/\/www.hgb-leipzig.de\/klasseblank\/?page_id=5303"},"modified":"2022-10-30T15:13:41","modified_gmt":"2022-10-30T14:13:41","slug":"5303-2","status":"publish","type":"page","link":"https:\/\/www.hgb-leipzig.de\/klasseblank\/?page_id=5303","title":{"rendered":"Untersch\u00e4tzt -&#8220;If you need me, I\u2018m (still) in the basement!\u201d (2022)"},"content":{"rendered":"<p><em>(english &#8211; please scroll down)<\/em><\/p>\n<h1 style=\"font-weight: 400;\"><strong>Untersch\u00e4tzt <\/strong>wurde kuratiert von Marian Reisinger (MdbK Leipzig)<\/h1>\n<h1 style=\"font-weight: 400;\"><strong>&#8220;If you need me, I\u2018m (still) in the basement!\u201d\u00a0<\/strong>war eine Intervention und Rauminstallation der Klasse f\u00fcr Installation und Raum<\/h1>\n<h1 style=\"font-weight: 400;\">K\u00fcnstler*innen: Morten Bjerre, Melina Brass, Leila Brinkmann, Julia Gerke, Markus Heller, Brigita Kasperait\u0117, Kevin Koen, Nora Langen, Merlin Maximilian Meister, Sophie Constanze Polheim, Kay Lotte Pommer und Yashar Shirdel<\/h1>\n<h1 style=\"font-weight: 400;\">in Zusammenarbeit mit Joachim Blank und Anna Raczynska<\/h1>\n<h1 style=\"font-weight: 400;\">Er\u00f6ffnung: 11.05.2022 ab 18:00 Uhr<br \/>\nAusstellung: 12.05.2022 bis 03.10.2022<\/h1>\n<p>&nbsp;<\/p>\n<p>Presse:<\/p>\n<p><strong><a href=\"https:\/\/www.deutschlandfunkkultur.de\/ausstellung-unterschaetzt-kuenstlerinnen-in-leipzig-um-dlf-kultur-401ed4bf-100.html\" target=\"_blank\" rel=\"noopener\"> Deutschlandfunk Kultur am 11. Mai 2022<\/a>\u00a0<\/strong><\/p>\n<p>&nbsp;<\/p>\n<p><em>Fotorechte: Museum der bildenden K\u00fcnste, Alexander Schmidt \/ PUNCTUM<\/em><\/p>\n<figure id=\"attachment_5313\" aria-describedby=\"caption-attachment-5313\" style=\"width: 1024px\" class=\"wp-caption alignleft\"><img decoding=\"async\" loading=\"lazy\" class=\"size-large wp-image-5313\" src=\"https:\/\/www.hgb-leipzig.de\/klasseblank\/wp-content\/uploads\/2022\/10\/MdbK_UnterschA\u00a4tzt_Ansicht_3-1024x683.jpg\" alt=\"\" width=\"1024\" height=\"683\" srcset=\"https:\/\/www.hgb-leipzig.de\/klasseblank\/wp-content\/uploads\/2022\/10\/MdbK_UnterschA\u00a4tzt_Ansicht_3-1024x683.jpg 1024w, https:\/\/www.hgb-leipzig.de\/klasseblank\/wp-content\/uploads\/2022\/10\/MdbK_UnterschA\u00a4tzt_Ansicht_3-300x200.jpg 300w, https:\/\/www.hgb-leipzig.de\/klasseblank\/wp-content\/uploads\/2022\/10\/MdbK_UnterschA\u00a4tzt_Ansicht_3-768x512.jpg 768w, https:\/\/www.hgb-leipzig.de\/klasseblank\/wp-content\/uploads\/2022\/10\/MdbK_UnterschA\u00a4tzt_Ansicht_3-1536x1024.jpg 1536w, https:\/\/www.hgb-leipzig.de\/klasseblank\/wp-content\/uploads\/2022\/10\/MdbK_UnterschA\u00a4tzt_Ansicht_3-2048x1365.jpg 2048w\" sizes=\"(max-width: 1024px) 100vw, 1024px\" \/><figcaption id=\"caption-attachment-5313\" class=\"wp-caption-text\">MdbK, Museum der bildenden K\u00fcnste Leipzig \/ Klasse Installation und Raum HGB Leipzig: <strong>Untersch\u00e4tzt. K\u00fcnstlerinnen in Leipzig um 1900 &#8211; If you need me, I\u2018m (still) in the basement! (2022)<\/strong><\/figcaption><\/figure>\n<figure id=\"attachment_5314\" aria-describedby=\"caption-attachment-5314\" style=\"width: 1024px\" class=\"wp-caption alignleft\"><img decoding=\"async\" loading=\"lazy\" class=\"size-large wp-image-5314\" src=\"https:\/\/www.hgb-leipzig.de\/klasseblank\/wp-content\/uploads\/2022\/10\/MdbK_UnterschA\u00a4tzt_Ansicht_4-1024x683.jpg\" alt=\"\" width=\"1024\" height=\"683\" srcset=\"https:\/\/www.hgb-leipzig.de\/klasseblank\/wp-content\/uploads\/2022\/10\/MdbK_UnterschA\u00a4tzt_Ansicht_4-1024x683.jpg 1024w, https:\/\/www.hgb-leipzig.de\/klasseblank\/wp-content\/uploads\/2022\/10\/MdbK_UnterschA\u00a4tzt_Ansicht_4-300x200.jpg 300w, https:\/\/www.hgb-leipzig.de\/klasseblank\/wp-content\/uploads\/2022\/10\/MdbK_UnterschA\u00a4tzt_Ansicht_4-768x512.jpg 768w, https:\/\/www.hgb-leipzig.de\/klasseblank\/wp-content\/uploads\/2022\/10\/MdbK_UnterschA\u00a4tzt_Ansicht_4-1536x1024.jpg 1536w, https:\/\/www.hgb-leipzig.de\/klasseblank\/wp-content\/uploads\/2022\/10\/MdbK_UnterschA\u00a4tzt_Ansicht_4-2048x1365.jpg 2048w\" sizes=\"(max-width: 1024px) 100vw, 1024px\" \/><figcaption id=\"caption-attachment-5314\" class=\"wp-caption-text\">MdbK, Museum der bildenden K\u00fcnste Leipzig \/ Klasse Installation und Raum HGB Leipzig: <strong>Untersch\u00e4tzt. K\u00fcnstlerinnen in Leipzig um 1900 &#8211; If you need me, I\u2018m (still) in the basement! (2022)<\/strong><\/figcaption><\/figure>\n<figure id=\"attachment_5315\" aria-describedby=\"caption-attachment-5315\" style=\"width: 1024px\" class=\"wp-caption alignleft\"><img decoding=\"async\" loading=\"lazy\" class=\"size-large wp-image-5315\" src=\"https:\/\/www.hgb-leipzig.de\/klasseblank\/wp-content\/uploads\/2022\/10\/MdbK_UnterschA\u00a4tzt_Ansicht_5-1024x683.jpg\" alt=\"\" width=\"1024\" height=\"683\" srcset=\"https:\/\/www.hgb-leipzig.de\/klasseblank\/wp-content\/uploads\/2022\/10\/MdbK_UnterschA\u00a4tzt_Ansicht_5-1024x683.jpg 1024w, https:\/\/www.hgb-leipzig.de\/klasseblank\/wp-content\/uploads\/2022\/10\/MdbK_UnterschA\u00a4tzt_Ansicht_5-300x200.jpg 300w, https:\/\/www.hgb-leipzig.de\/klasseblank\/wp-content\/uploads\/2022\/10\/MdbK_UnterschA\u00a4tzt_Ansicht_5-768x512.jpg 768w, https:\/\/www.hgb-leipzig.de\/klasseblank\/wp-content\/uploads\/2022\/10\/MdbK_UnterschA\u00a4tzt_Ansicht_5-1536x1024.jpg 1536w, https:\/\/www.hgb-leipzig.de\/klasseblank\/wp-content\/uploads\/2022\/10\/MdbK_UnterschA\u00a4tzt_Ansicht_5-2048x1365.jpg 2048w\" sizes=\"(max-width: 1024px) 100vw, 1024px\" \/><figcaption id=\"caption-attachment-5315\" class=\"wp-caption-text\">MdbK, Museum der bildenden K\u00fcnste Leipzig \/ Klasse Installation und Raum HGB Leipzig: <strong>Untersch\u00e4tzt. K\u00fcnstlerinnen in Leipzig um 1900<\/strong> &#8211; <strong>If you need me, I\u2018m (still) in the basement! (2022)<\/strong><\/figcaption><\/figure>\n<p>&nbsp;<\/p>\n<p>&nbsp;<\/p>\n<div class=\"mceTemp\"><\/div>\n<h1 style=\"font-weight: 400;\"><strong>Untersch\u00e4tzt. K\u00fcnstlerinnen in Leipzig um 1900<\/strong><\/h1>\n<h1 style=\"font-weight: 400;\">Marianne Fiedler, Emilie Mediz-Pelikan oder Philippine Wolff-Arndt \u2013 Die Namen dieser Frauen sind heute aus dem kollektiven Ged\u00e4chtnis verschwunden. Zusammen mit 31 weiteren K\u00fcnstlerinnen stellten sie 1897 ihre Werke auf der S\u00e4chsisch-Th\u00fcringischen Industrie- und Gewerbeausstellung (kurz STIGA) in Leipzig aus. Doch wie gelangten sie in einer Zeit, in der Frauen das Kunststudium vorbehalten war, auf eine Ausstellung, die von 400.000 Menschen besucht wurde? Wie behaupteten sie sich trotz des st\u00e4ndigen Vorwurfs des Dilettantismus?<\/h1>\n<h1 style=\"font-weight: 400;\">Im MdbK wird den ausgestellten K\u00fcnstlerinnen \u2013 damals untersch\u00e4tzt und heute vergessen \u2013 neue Aufmerksamkeit gewidmet.<\/h1>\n<h1 style=\"font-weight: 400;\">Auf Einladung von Marian Reisinger (MdbK Leipzig) hat die Klasse Installation und Raum eine Intervention und Rauminstallation entwickelt, die als szenographisches Display fungiert und zugleich auf die bis in die Gegenwart hineinreichende strukturelle Diskriminierung von weiblichen und nicht-bin\u00e4ren K\u00fcnstler*innen hinweist.<\/h1>\n<h1 style=\"font-weight: 400;\"><strong>If you need me, I\u2018m (still) in the basement! (2022)<\/strong><\/h1>\n<h1 style=\"font-weight: 400;\">Wir, die K\u00fcnstler*innen der Klasse Installation und Raum der Hochschule f\u00fcr Grafik und Buchkunst Leipzig haben in einem kontinuierlichen Prozess und kollaborativen Austausch eine Intervention und Rauminstallation entwickelt. W\u00e4hrend das Kunstmuseum den Blick auf die STIGA richtet, richten wir unseren Blick auf das Kunstmuseum.<\/h1>\n<h1 style=\"font-weight: 400;\">Was passierte in dieser Zeit, bis zu diesem Moment, der Gegenwart?<\/h1>\n<h1 style=\"font-weight: 400;\">Die Institution zeigt Kunst und legitimiert sie zugleich, gef\u00f6rdert und bezahlt als kultureller Repr\u00e4sentant der Stadt.<\/h1>\n<h1 style=\"font-weight: 400;\">Doch wer wird hier repr\u00e4sentiert?<\/h1>\n<h1 style=\"font-weight: 400;\">Wir betraten das Archiv des MdbK, durchforsteten die gezeigten Werke und vergangenen Ausstellungen. Die Ergebnisse dieser Recherche schwingen sich klar sichtbar \u00fcber den Boden hinweg.<\/h1>\n<h1 style=\"font-weight: 400;\">Wir haben die hermetische Glasfassade des Museums \u201aaufgebrochen\u2019 und den Ausstellungsraum im Keller mit dem Stadtraum verbunden. Trennt uns nur noch die verschwommene Scheibe, von dem, was wir sichtbar machen wollten?<\/h1>\n<h1 style=\"font-weight: 400;\">Oder sehen wir es l\u00e4ngst und schauen nur nicht hin?<\/h1>\n<h1 style=\"font-weight: 400;\">Deshalb wird hier das MdbK selbst als exemplarische Institution im Kunstbetrieb und die Sichtbarkeit von FLINTA*s im Museum hinterfragt. Die in der Ausstellung gezeigten Bilder \u00f6ffnen unseren versperrten Blick und lassen uns fragen: Welche Netzwerke bilden wir und wie wollen wir unsere Position nutzen, um durch Recherche, Lernen und den Austausch die Leiter nach oben zu klettern? Oder stecken wir im Keller fest?<\/h1>\n<h1 style=\"font-weight: 400;\">Zeit f\u00fcr ein Manifest!<\/h1>\n<h1 style=\"font-weight: 400;\">Ausstellungsdauer: 12.05.2022 &#8211; 03.10.2022<\/h1>\n<h1 style=\"font-weight: 400;\">\u00d6ffnungszeiten: Di &amp; Do\u2013So 10-18 Uhr; Mi 12-20 Uhr; Feiertage 10-18 Uhr<\/h1>\n<h1 style=\"font-weight: 400;\">MdbK &#8211; Museum der bildenden K\u00fcnste, Katharinenstr. 10, 04109 Leipzig<\/h1>\n<p>&nbsp;<\/p>\n<figure id=\"attachment_5312\" aria-describedby=\"caption-attachment-5312\" style=\"width: 683px\" class=\"wp-caption alignleft\"><img decoding=\"async\" loading=\"lazy\" class=\"size-large wp-image-5312\" src=\"https:\/\/www.hgb-leipzig.de\/klasseblank\/wp-content\/uploads\/2022\/10\/MdbK_UnterschA\u00a4tzt_Ansicht_2-683x1024.jpg\" alt=\"\" width=\"683\" height=\"1024\" srcset=\"https:\/\/www.hgb-leipzig.de\/klasseblank\/wp-content\/uploads\/2022\/10\/MdbK_UnterschA\u00a4tzt_Ansicht_2-683x1024.jpg 683w, https:\/\/www.hgb-leipzig.de\/klasseblank\/wp-content\/uploads\/2022\/10\/MdbK_UnterschA\u00a4tzt_Ansicht_2-200x300.jpg 200w, https:\/\/www.hgb-leipzig.de\/klasseblank\/wp-content\/uploads\/2022\/10\/MdbK_UnterschA\u00a4tzt_Ansicht_2-768x1152.jpg 768w, https:\/\/www.hgb-leipzig.de\/klasseblank\/wp-content\/uploads\/2022\/10\/MdbK_UnterschA\u00a4tzt_Ansicht_2-1024x1536.jpg 1024w, https:\/\/www.hgb-leipzig.de\/klasseblank\/wp-content\/uploads\/2022\/10\/MdbK_UnterschA\u00a4tzt_Ansicht_2-1365x2048.jpg 1365w, https:\/\/www.hgb-leipzig.de\/klasseblank\/wp-content\/uploads\/2022\/10\/MdbK_UnterschA\u00a4tzt_Ansicht_2-scaled.jpg 1707w\" sizes=\"(max-width: 683px) 100vw, 683px\" \/><figcaption id=\"caption-attachment-5312\" class=\"wp-caption-text\">MdbK, Museum der bildenden K\u00fcnste Leipzig \/ Klasse Installation und Raum HGB Leipzig: Untersch\u00e4tzt. K\u00fcnstlerinnen in Leipzig um 1900 &#8211; <strong>If you need me, I\u2018m (still) in the basement! (2022) <\/strong><\/p>\n<p><\/figcaption><\/figure>\n<p>.<\/p>\n<div class=\"mceTemp\"><\/div>\n<p>&nbsp;<\/p>\n<p>&nbsp;<\/p>\n<p>&nbsp;<\/p>\n<p>&nbsp;<\/p>\n<p>&nbsp;<\/p>\n<p>&nbsp;<\/p>\n<p>&nbsp;<\/p>\n<p>&nbsp;<\/p>\n<p>&nbsp;<\/p>\n<p>&nbsp;<\/p>\n<p>&nbsp;<\/p>\n<p>&nbsp;<\/p>\n<p>&nbsp;<\/p>\n<p>&nbsp;<\/p>\n<p>&nbsp;<\/p>\n<p>&nbsp;<\/p>\n<p>&nbsp;<\/p>\n<p>&nbsp;<\/p>\n<p>&nbsp;<\/p>\n<p>&nbsp;<\/p>\n<p>&nbsp;<\/p>\n<p>&nbsp;<\/p>\n<p>&nbsp;<\/p>\n<p>&nbsp;<\/p>\n<p>&nbsp;<\/p>\n<p>&nbsp;<\/p>\n<p>&nbsp;<\/p>\n<p>&nbsp;<\/p>\n<p>&nbsp;<\/p>\n<p>&nbsp;<\/p>\n<p>&nbsp;<\/p>\n<p>&nbsp;<\/p>\n<p>&nbsp;<\/p>\n<p>&nbsp;<\/p>\n<p>&nbsp;<\/p>\n<p>&nbsp;<\/p>\n<p style=\"font-weight: 400;\"><em><br \/>\nImage credits: Museum der bildenden K\u00fcnste, Alexander Schmidt \/ PUNCTUM<\/em><\/p>\n<p>Text in english:<\/p>\n<h1 style=\"font-weight: 400;\"><strong>Untersch\u00e4tzt &#8211; &#8220;If you need me, I\u2018m (still) in the basement!\u201d<\/strong><\/h1>\n<h1 style=\"font-weight: 400;\">Class for Installation and Space at the MdbK Leipzig<\/h1>\n<h1 style=\"font-weight: 400;\">Participating artists: Morten Bjerre, Melina Brass, Leila Brinkmann, Julia Gerke, Markus Heller, Brigita Kasperait\u0117, Kevin Koen, Nora Langen, Merlin Maximilian Meister, Sophie Constanze Polheim, Kay Lotte Pommer and Yashar Shirdel<\/h1>\n<h1 style=\"font-weight: 400;\">in collaboration with Joachim Blank and Anna Raczynska<\/h1>\n<h1 style=\"font-weight: 400;\">opening: 11.05.2022 from 6 pm<\/h1>\n<h1 style=\"font-weight: 400;\"><strong>Underestimated. Female artists in Leipzig around 1900<\/strong><\/h1>\n<h1 style=\"font-weight: 400;\">Marianne Fiedler, Emilie Mediz-Pelikan or Philippine Wolff-Arndt &#8211; The names of these women have disappeared from the collective memory today. Together with 31 other women artists, they exhibited their works at the Saxon-Thuringian Industrial and Commercial Exhibition (STIGA for short) in Leipzig in 1897. But at a time when women were not allowed to study art, how did they get into an exhibition that was visited by 400,000 people? Howdid they hold their own despite constant accusations of dilettantism?<\/h1>\n<h1 style=\"font-weight: 400;\">At the MdbK, new attention will be paid to the exhibited women artists &#8211; underestimated at the time and forgotten today.<\/h1>\n<h1 style=\"font-weight: 400;\">At the invitation of Marian Reisinger (MdbK Leipzig), the Class for Installation and Space has developed an intervention and spatial installation thatfunctions as a scenographic display and at the same time points to the structural discrimination against female and non-binary artists that continuesinto the present.<\/h1>\n<h1 style=\"font-weight: 400;\"><strong>If you need me, I&#8217;m (still) in the basement! (2022)<\/strong><\/h1>\n<h1 style=\"font-weight: 400;\">We, the artists of the Class for Installation and Space of the Academy of Fine Arts Leipzig, have developed an intervention and spatial installation in a continuous process and collaborative exchange.<\/h1>\n<h1 style=\"font-weight: 400;\">While the Kunstmuseum turns its gaze to STIGA, we turn our gaze to the Kunstmuseum.<\/h1>\n<h1 style=\"font-weight: 400;\">What happened during this time, up to this moment, the present?<\/h1>\n<h1 style=\"font-weight: 400;\">The institution shows art and at the same time legitimizes it, promoted and paid as a cultural representative of the city.But who is represented here?<\/h1>\n<h1 style=\"font-weight: 400;\">We entered the archives of the MdbK, sifted through the works on display and past exhibitions. The results of this research clearly resonate across thefloor.<\/h1>\n<h1 style=\"font-weight: 400;\">We &#8216;broke&#8217; the hermetic glass fa\u00e7ade of the museum and connected the exhibition space in the basement with the urban space. Is only the blurry panestill separating us from what we wanted to make visible?<\/h1>\n<h1 style=\"font-weight: 400;\">Or do we already see it and just don&#8217;t look at it?<\/h1>\n<h1 style=\"font-weight: 400;\">Therefore, the MdbK itself as an exemplary institution in the art world and the visibility of FLINTA*s in the museum are questioned here.<\/h1>\n<h1 style=\"font-weight: 400;\">The images shown in the exhibition open our obstructed view and make us ask:<\/h1>\n<h1 style=\"font-weight: 400;\">What networks do we form and how do we want to use our position to climb the ladder through research, learning and exchange? Or are we stuck in thebasement?<\/h1>\n<h1 style=\"font-weight: 400;\">Time for a manifesto!<\/h1>\n<figure id=\"attachment_5311\" aria-describedby=\"caption-attachment-5311\" style=\"width: 1024px\" class=\"wp-caption alignleft\"><img decoding=\"async\" loading=\"lazy\" class=\"size-large wp-image-5311\" src=\"https:\/\/www.hgb-leipzig.de\/klasseblank\/wp-content\/uploads\/2022\/10\/MdbK_UnterschA\u00a4tzt_Ansicht_1-1024x683.jpg\" alt=\"MdbK, Museum der bildenden K\u00fcnste Leipzig,&quot;Untersch\u00e4tzt\" width=\"1024\" height=\"683\" srcset=\"https:\/\/www.hgb-leipzig.de\/klasseblank\/wp-content\/uploads\/2022\/10\/MdbK_UnterschA\u00a4tzt_Ansicht_1-1024x683.jpg 1024w, https:\/\/www.hgb-leipzig.de\/klasseblank\/wp-content\/uploads\/2022\/10\/MdbK_UnterschA\u00a4tzt_Ansicht_1-300x200.jpg 300w, https:\/\/www.hgb-leipzig.de\/klasseblank\/wp-content\/uploads\/2022\/10\/MdbK_UnterschA\u00a4tzt_Ansicht_1-768x512.jpg 768w, https:\/\/www.hgb-leipzig.de\/klasseblank\/wp-content\/uploads\/2022\/10\/MdbK_UnterschA\u00a4tzt_Ansicht_1-1536x1024.jpg 1536w, https:\/\/www.hgb-leipzig.de\/klasseblank\/wp-content\/uploads\/2022\/10\/MdbK_UnterschA\u00a4tzt_Ansicht_1-2048x1365.jpg 2048w\" sizes=\"(max-width: 1024px) 100vw, 1024px\" \/><figcaption id=\"caption-attachment-5311\" class=\"wp-caption-text\">MdbK, Museum der bildenden K\u00fcnste Leipzig \/ Klasse Installation und Raum HGB Leipzig: <strong>Untersch\u00e4tzt. K\u00fcnstlerinnen in Leipzig um 1900<\/strong> &#8211; <strong>If you need me, I\u2018m (still) in the basement! (2022)<\/strong><\/figcaption><\/figure>\n<p>&nbsp;<\/p>\n<h1 style=\"font-weight: 400;\"><\/h1>\n<h1 style=\"font-weight: 400;\"><\/h1>\n","protected":false},"excerpt":{"rendered":"<p>(english &#8211; please scroll down) Untersch\u00e4tzt wurde kuratiert von Marian Reisinger (MdbK Leipzig) &#8220;If you need me, I\u2018m (still) in the basement!\u201d\u00a0war eine Intervention und Rauminstallation der Klasse f\u00fcr Installation und Raum K\u00fcnstler*innen: Morten Bjerre, Melina Brass, Leila Brinkmann, Julia Gerke, Markus Heller, Brigita Kasperait\u0117, Kevin Koen, Nora Langen, Merlin Maximilian Meister, Sophie Constanze Polheim, &hellip; <a href=\"https:\/\/www.hgb-leipzig.de\/klasseblank\/?page_id=5303\">Continued<\/a><\/p>\n","protected":false},"author":1,"featured_media":0,"parent":0,"menu_order":8,"comment_status":"closed","ping_status":"closed","template":"","meta":[],"acf":[],"_links":{"self":[{"href":"https:\/\/www.hgb-leipzig.de\/klasseblank\/index.php?rest_route=\/wp\/v2\/pages\/5303"}],"collection":[{"href":"https:\/\/www.hgb-leipzig.de\/klasseblank\/index.php?rest_route=\/wp\/v2\/pages"}],"about":[{"href":"https:\/\/www.hgb-leipzig.de\/klasseblank\/index.php?rest_route=\/wp\/v2\/types\/page"}],"author":[{"embeddable":true,"href":"https:\/\/www.hgb-leipzig.de\/klasseblank\/index.php?rest_route=\/wp\/v2\/users\/1"}],"replies":[{"embeddable":true,"href":"https:\/\/www.hgb-leipzig.de\/klasseblank\/index.php?rest_route=%2Fwp%2Fv2%2Fcomments&post=5303"}],"version-history":[{"count":14,"href":"https:\/\/www.hgb-leipzig.de\/klasseblank\/index.php?rest_route=\/wp\/v2\/pages\/5303\/revisions"}],"predecessor-version":[{"id":5340,"href":"https:\/\/www.hgb-leipzig.de\/klasseblank\/index.php?rest_route=\/wp\/v2\/pages\/5303\/revisions\/5340"}],"wp:attachment":[{"href":"https:\/\/www.hgb-leipzig.de\/klasseblank\/index.php?rest_route=%2Fwp%2Fv2%2Fmedia&parent=5303"}],"curies":[{"name":"wp","href":"https:\/\/api.w.org\/{rel}","templated":true}]}}