{"id":4142,"date":"2020-02-27T20:03:59","date_gmt":"2020-02-27T19:03:59","guid":{"rendered":"http:\/\/www.hgb-leipzig.de\/klasseblank\/?page_id=4142"},"modified":"2021-02-17T12:22:56","modified_gmt":"2021-02-17T11:22:56","slug":"human_particles_of_the_living_sun","status":"publish","type":"page","link":"https:\/\/www.hgb-leipzig.de\/klasseblank\/?page_id=4142","title":{"rendered":"Human Particles of the Living Sun (2019)"},"content":{"rendered":"<h1><img decoding=\"async\" loading=\"lazy\" class=\"size-large wp-image-4160 alignnone\" src=\"https:\/\/www.hgb-leipzig.de\/klasseblank\/wp-content\/uploads\/2020\/02\/miami.hgb_.2000.IMG_5544-1024x805.jpg\" alt=\"\" width=\"1024\" height=\"805\" srcset=\"https:\/\/www.hgb-leipzig.de\/klasseblank\/wp-content\/uploads\/2020\/02\/miami.hgb_.2000.IMG_5544-1024x805.jpg 1024w, https:\/\/www.hgb-leipzig.de\/klasseblank\/wp-content\/uploads\/2020\/02\/miami.hgb_.2000.IMG_5544-300x236.jpg 300w, https:\/\/www.hgb-leipzig.de\/klasseblank\/wp-content\/uploads\/2020\/02\/miami.hgb_.2000.IMG_5544-768x604.jpg 768w, https:\/\/www.hgb-leipzig.de\/klasseblank\/wp-content\/uploads\/2020\/02\/miami.hgb_.2000.IMG_5544.jpg 2000w\" sizes=\"(max-width: 1024px) 100vw, 1024px\" \/><\/h1>\n<h1>A field trip and two exhibitions in Delphi and Athens<\/h1>\n<h1>Participating artists:<\/h1>\n<h1>Johanna Blank, Marlene Franz, Leon Galli, Yannick Harter, Evgenia Ionnidou, Taemen Jung, Karina Kuberska, Vasso Leounaki, Jakob Limmer, Lena Pf\u00e4ffli, Snow, Malte Urban, Apostolos Tsorfolias, Despoina Vaxevanidi, Julie Warwel, Fiete Worreschk, Kay Yoon, Maria Zervoudaki, Magdalena Zotou, Yana Zschiedrich<\/h1>\n<h1>Commissioned by Joachim Bank and Klara Meinhardt<\/h1>\n<h1>A project based on a cooperation between the Class for installation and space, Academy of Fine Arts Leipzig and ASFA Athen &#8211; Nikos Arvanitis.<\/h1>\n<h1>31. Mai 2019<br \/>\n11:00 Uhr<br \/>\nT.A.F. | the art foundation<br \/>\n5 Normanou str. 105 55 Mastiraki Athens, Greece<br \/>\n+<br \/>\nInstitut f\u00fcr Alles M\u00f6gliche &#8211; Sehensw\u00fcrdigkeiten<br \/>\nAristotelous 130, Athina 112 51, Greece<br \/>\n31.05.2019 &#8211; 02.06.2019<\/h1>\n<h1><img decoding=\"async\" loading=\"lazy\" class=\"size-large wp-image-4195 alignnone\" src=\"https:\/\/www.hgb-leipzig.de\/klasseblank\/wp-content\/uploads\/2020\/02\/joachim.blank_.IMG_5469-e1582835984660-768x1024.jpg\" alt=\"\" width=\"768\" height=\"1024\" srcset=\"https:\/\/www.hgb-leipzig.de\/klasseblank\/wp-content\/uploads\/2020\/02\/joachim.blank_.IMG_5469-e1582835984660-768x1024.jpg 768w, https:\/\/www.hgb-leipzig.de\/klasseblank\/wp-content\/uploads\/2020\/02\/joachim.blank_.IMG_5469-e1582835984660-225x300.jpg 225w\" sizes=\"(max-width: 768px) 100vw, 768px\" \/><\/h1>\n<h1><\/h1>\n<h1><img decoding=\"async\" loading=\"lazy\" class=\"size-large wp-image-4196 alignnone\" src=\"https:\/\/www.hgb-leipzig.de\/klasseblank\/wp-content\/uploads\/2020\/02\/joachim.blank_.IMG_5728-e1582836136361-768x1024.jpg\" alt=\"\" width=\"768\" height=\"1024\" srcset=\"https:\/\/www.hgb-leipzig.de\/klasseblank\/wp-content\/uploads\/2020\/02\/joachim.blank_.IMG_5728-e1582836136361-768x1024.jpg 768w, https:\/\/www.hgb-leipzig.de\/klasseblank\/wp-content\/uploads\/2020\/02\/joachim.blank_.IMG_5728-e1582836136361-225x300.jpg 225w\" sizes=\"(max-width: 768px) 100vw, 768px\" \/><\/h1>\n<h1>Fotos: Joachim Blank<\/h1>\n<h1>Since around the end of 2017, questions about cultural appropriation have been at the center of a wider discourse in the international artworld. Referring to the concept of Documenta 14, to extend its territorial framework beyond Kassel to include Athens, questioned also ideas of hegemony, appropriation, transformation, cosmopolitanism, late capitalism and other effects.<\/h1>\n<h1>By &#8220;other effects&#8221;, we also mean the footprints we create as CO2 consumers as a result of our movements through space, thereby contributing to climate change. Movement produces CO2 and more CO2 vapor spills climate change. And climate change will increase the need for habitat displacement and so on. We \u2013 \u201cthe first world\u201d &#8211; will be able to afford it for a while, but the world&#8217;s poor will be forced more and more to migrate. We are interested in exploring the intersections of our economic system and the evolving values and their consequences on a local and global scale, always keeping in mind that &#8220;contemporary art&#8221; has increasingly become a player in these cycles \u2013 on all levels from local to global. The aspect of &#8220;transformation &#8220;and the associated fast changes in urban spaces characterize our reality not only in Greece and in Athens, but also in other EU states like Germany as well. After the fall of the Berlin Wall in the 1990s the city of Berlin became labeled as &#8220;Das Neue Berlin&#8221; because Techno, club culture and fine arts used free spaces and \u201chelped\u201d to develop Berlin as a hot spot in cultural tourism. In a similar manner the former so called \u201cshrinking city\u201d Leipzig transformed to the boomtown &#8220;Hypezig&#8221; &#8211; rekindled by a viral art scene, which uses the industrial envy of the city and is transforming it into something new: A strong subculture and a viral art scene in cities voluntarily and involuntarily initiate always\u00a0 urban development processes: Empty, broken houses, failed open spaces, cheap rents always attract artists and creative people. Now -Athens becomes more and more an essential center of artistic and cultural activities in Post Europe.<\/h1>\n<h1>Following different meetings in 2018 and 2019, dialogues between young artists from Leipzig and Athens will culminate now in a first &#8220;public moment&#8221; with the exhibition HUMAN PARTICLES OF THE LIVING SUN, which is presented at <i>T.A.F. The Art Foundation<\/i> and <i>Institut f\u00fcr Alles M\u00f6gliche \/ Sehensw\u00fcrdigkeiten<\/i> in Athens.<\/h1>\n<p>&nbsp;<\/p>\n<p>&nbsp;<\/p>\n<p>&nbsp;<\/p>\n<h1><\/h1>\n","protected":false},"excerpt":{"rendered":"<p>A field trip and two exhibitions in Delphi and Athens Participating artists: Johanna Blank, Marlene Franz, Leon Galli, Yannick Harter, Evgenia Ionnidou, Taemen Jung, Karina Kuberska, Vasso Leounaki, Jakob Limmer, Lena Pf\u00e4ffli, Snow, Malte Urban, Apostolos Tsorfolias, Despoina Vaxevanidi, Julie Warwel, Fiete Worreschk, Kay Yoon, Maria Zervoudaki, Magdalena Zotou, Yana Zschiedrich Commissioned by Joachim Bank &hellip; <a href=\"https:\/\/www.hgb-leipzig.de\/klasseblank\/?page_id=4142\">Continued<\/a><\/p>\n","protected":false},"author":1,"featured_media":0,"parent":0,"menu_order":15,"comment_status":"closed","ping_status":"closed","template":"","meta":[],"acf":[],"_links":{"self":[{"href":"https:\/\/www.hgb-leipzig.de\/klasseblank\/index.php?rest_route=\/wp\/v2\/pages\/4142"}],"collection":[{"href":"https:\/\/www.hgb-leipzig.de\/klasseblank\/index.php?rest_route=\/wp\/v2\/pages"}],"about":[{"href":"https:\/\/www.hgb-leipzig.de\/klasseblank\/index.php?rest_route=\/wp\/v2\/types\/page"}],"author":[{"embeddable":true,"href":"https:\/\/www.hgb-leipzig.de\/klasseblank\/index.php?rest_route=\/wp\/v2\/users\/1"}],"replies":[{"embeddable":true,"href":"https:\/\/www.hgb-leipzig.de\/klasseblank\/index.php?rest_route=%2Fwp%2Fv2%2Fcomments&post=4142"}],"version-history":[{"count":12,"href":"https:\/\/www.hgb-leipzig.de\/klasseblank\/index.php?rest_route=\/wp\/v2\/pages\/4142\/revisions"}],"predecessor-version":[{"id":4565,"href":"https:\/\/www.hgb-leipzig.de\/klasseblank\/index.php?rest_route=\/wp\/v2\/pages\/4142\/revisions\/4565"}],"wp:attachment":[{"href":"https:\/\/www.hgb-leipzig.de\/klasseblank\/index.php?rest_route=%2Fwp%2Fv2%2Fmedia&parent=4142"}],"curies":[{"name":"wp","href":"https:\/\/api.w.org\/{rel}","templated":true}]}}