{"id":2154,"date":"2016-07-04T10:37:47","date_gmt":"2016-07-04T08:37:47","guid":{"rendered":"http:\/\/www.hgb-leipzig.de\/klasseblank\/?page_id=2154"},"modified":"2017-06-28T10:03:59","modified_gmt":"2017-06-28T08:03:59","slug":"troja","status":"publish","type":"page","link":"https:\/\/www.hgb-leipzig.de\/klasseblank\/?page_id=2154","title":{"rendered":"TROJA"},"content":{"rendered":"<p>Doppeler\u00f6ffnung am 11. Juni um 18:00<\/p>\n<p>R\u00e9my Zaugg und die Klasse f\u00fcr Installation und Raum<\/p>\n<p>Galerie bipolar<br \/>\nHaferkornstra\u00dfe 15<br \/>\n04129 Leipzig<\/p>\n<p>\u00d6ffnungszeiten der Galerie:<br \/>\nDonnerstag &#8211; Samstag: 17:00 &#8211; 20:00 Uhr; Sonntag: 16:00-19:00 Uhr (und nach Vereinbarung)<\/p>\n<p>Parallel zur Er\u00f6ffnung der Ausstellung \u201ePas de bla bla !\u201c mit Druckgrafiken von R\u00e9my Zaugg er\u00f6ffnet in der Vorhalle der Galerie bipolar eine Ausstellung der Klasse f\u00fcr Installation und Raum der HGB Leipzig. Zauggs praktische und theoretische Werke sind f\u00fcr die Klasse auch und gerade in Hinblick auf den Umgang mit Orten und deren Bedeutungsgestaltung besonders relevant. Dem stark konzeptionellen Ansatz Zauggs begegnen die K\u00fcnstlerinnen und K\u00fcnstler der HGB mit prozesshaftem Arbeiten im- und mit dem Ausstellungsraum. Im Vorfeld der Er\u00f6ffnung hatten die Studierenden einige Wochen Zeit vor Ort ihre Arbeiten zu entwickeln, zu testen und umzusetzen. In der f\u00fcr diesen Zeitraum als kollektives Atelier umfunktionierten Galerie entstand ein hybrides Gebilde aus k\u00fcnstlerischen Gruppen-und Einzelinteressen, das auch als Prolog von Zauggs Druckgrafiken fungiert und einen aktuellen \u00dcberblick der Kunstproduktion der Klasse f\u00fcr Installation und Raum zeigt.<\/p>\n<p>mit Jessica Arseneau, Samuel Bich, Sophie Blet, Jamal Cazar\u00e9, Katar\u00edna Dubovsk\u00e1, Andrea Garcia Vasquez, Anne Georgius, Friedrich G\u00fcnther, Ana\u00efs Goupy, Marlet Heckhoff, Christian Holze, Steffen Kraska, Elva Lai, Alexander Lorenz, Ronak Moshtaghi, Zaida Guerrero Casado, Carsten Saeger, Malte Urban, Yana Zschiedrich &#038; R\u00e9my Zaugg<\/p>\n<div id=\"carousel-2154-1\" class=\"carousel slide\" data-ride=\"carousel\" data-interval=\"0\"><div class=\"carousel-inner\" role=\"listbox\"><div class=\"item active\"><img class=\"ca-img\" src=\"https:\/\/www.hgb-leipzig.de\/klasseblank\/wp-content\/uploads\/2016\/07\/DSC_00471-1024x685.jpg\" width=\"1024px\" height=\"685px\" ><div class=\"carousel-caption\">garcia<\/div><\/div><div class=\"item\"><img class=\"ca-img\" src=\"https:\/\/www.hgb-leipzig.de\/klasseblank\/wp-content\/uploads\/2016\/07\/DSC_01071-685x1024.jpg\" width=\"685px\" height=\"1024px\" ><div class=\"carousel-caption\">arseneau<\/div><\/div><div class=\"item\"><img class=\"ca-img\" src=\"https:\/\/www.hgb-leipzig.de\/klasseblank\/wp-content\/uploads\/2016\/07\/troja_img1-730x1024.jpg\" width=\"730px\" height=\"1024px\" ><div class=\"carousel-caption\">flyer_front<\/div><\/div><div class=\"item\"><img class=\"ca-img\" src=\"https:\/\/www.hgb-leipzig.de\/klasseblank\/wp-content\/uploads\/2016\/07\/DSC_00141-1024x685.jpg\" width=\"1024px\" height=\"685px\" ><div class=\"carousel-caption\">guenther, kraska<\/div><\/div><div class=\"item\"><img class=\"ca-img\" src=\"https:\/\/www.hgb-leipzig.de\/klasseblank\/wp-content\/uploads\/2016\/07\/DSC_00831-685x1024.jpg\" width=\"685px\" height=\"1024px\" ><div class=\"carousel-caption\">holze<\/div><\/div><div class=\"item\"><img class=\"ca-img\" src=\"https:\/\/www.hgb-leipzig.de\/klasseblank\/wp-content\/uploads\/2016\/07\/DSC_00121-1024x685.jpg\" width=\"1024px\" height=\"685px\" ><div class=\"carousel-caption\">lai, saeger, zschiedrich<\/div><\/div><div class=\"item\"><img class=\"ca-img\" src=\"https:\/\/www.hgb-leipzig.de\/klasseblank\/wp-content\/uploads\/2016\/07\/R\u00fcckseite2-1024x726.jpg\" width=\"1024px\" height=\"726px\" ><div class=\"carousel-caption\">flyer_back<\/div><\/div><div class=\"item\"><img class=\"ca-img\" src=\"https:\/\/www.hgb-leipzig.de\/klasseblank\/wp-content\/uploads\/2016\/07\/DSC_00891-685x1024.jpg\" width=\"685px\" height=\"1024px\" ><div class=\"carousel-caption\">cazare<\/div><\/div><div class=\"item\"><img class=\"ca-img\" src=\"https:\/\/www.hgb-leipzig.de\/klasseblank\/wp-content\/uploads\/2016\/07\/DSC_00371-1024x685.jpg\" width=\"1024px\" height=\"685px\" ><div class=\"carousel-caption\">blet, holze, lorenz<\/div><\/div><div class=\"item\"><img class=\"ca-img\" src=\"https:\/\/www.hgb-leipzig.de\/klasseblank\/wp-content\/uploads\/2016\/07\/DSC_00951-1024x685.jpg\" width=\"1024px\" height=\"685px\" ><div class=\"carousel-caption\">cassado<\/div><\/div><div class=\"item\"><img class=\"ca-img\" src=\"https:\/\/www.hgb-leipzig.de\/klasseblank\/wp-content\/uploads\/2016\/07\/DSC_00011-1024x685.jpg\" width=\"1024px\" height=\"685px\" ><div class=\"carousel-caption\">heckhoff, lorenz, garcia<\/div><\/div><div class=\"item\"><img class=\"ca-img\" src=\"https:\/\/www.hgb-leipzig.de\/klasseblank\/wp-content\/uploads\/2016\/07\/DSC_00171-1024x685.jpg\" width=\"1024px\" height=\"685px\" ><div class=\"carousel-caption\">lorenz, urban, georgics<\/div><\/div><div class=\"item\"><img class=\"ca-img\" src=\"https:\/\/www.hgb-leipzig.de\/klasseblank\/wp-content\/uploads\/2016\/07\/DSC_00151-1024x685.jpg\" width=\"1024px\" height=\"685px\" ><div class=\"carousel-caption\">lai, saeger, zschiedrich<\/div><\/div><\/div><a class=\"left carousel-control\" href=#carousel-2154-1 \" role=\"button\" data-slide=\"prev\">\n    <span class=\"glyphicon glyphicon-chevron-left\" aria-hidden=\"true\"><\/span>\n    <span class=\"sr-only\">Previous<\/span>\n  <\/a>\n  <a class=\"right carousel-control\" href=#carousel-2154-1 \" role=\"button\" data-slide=\"next\">\n    <span class=\"glyphicon glyphicon-chevron-right\" aria-hidden=\"true\"><\/span>\n    <span class=\"sr-only\">Next<\/span>\n  <\/a><\/div>\n","protected":false},"excerpt":{"rendered":"<p>Doppeler\u00f6ffnung am 11. Juni um 18:00 R\u00e9my Zaugg und die Klasse f\u00fcr Installation und Raum Galerie bipolar Haferkornstra\u00dfe 15 04129 Leipzig \u00d6ffnungszeiten der Galerie: Donnerstag &#8211; Samstag: 17:00 &#8211; 20:00 Uhr; Sonntag: 16:00-19:00 Uhr (und nach Vereinbarung) Parallel zur Er\u00f6ffnung der Ausstellung \u201ePas de bla bla !\u201c mit Druckgrafiken von R\u00e9my Zaugg er\u00f6ffnet in der &hellip; <a href=\"https:\/\/www.hgb-leipzig.de\/klasseblank\/?page_id=2154\">Continued<\/a><\/p>\n","protected":false},"author":8,"featured_media":0,"parent":637,"menu_order":27,"comment_status":"closed","ping_status":"closed","template":"","meta":[],"acf":[],"_links":{"self":[{"href":"https:\/\/www.hgb-leipzig.de\/klasseblank\/index.php?rest_route=\/wp\/v2\/pages\/2154"}],"collection":[{"href":"https:\/\/www.hgb-leipzig.de\/klasseblank\/index.php?rest_route=\/wp\/v2\/pages"}],"about":[{"href":"https:\/\/www.hgb-leipzig.de\/klasseblank\/index.php?rest_route=\/wp\/v2\/types\/page"}],"author":[{"embeddable":true,"href":"https:\/\/www.hgb-leipzig.de\/klasseblank\/index.php?rest_route=\/wp\/v2\/users\/8"}],"replies":[{"embeddable":true,"href":"https:\/\/www.hgb-leipzig.de\/klasseblank\/index.php?rest_route=%2Fwp%2Fv2%2Fcomments&post=2154"}],"version-history":[{"count":8,"href":"https:\/\/www.hgb-leipzig.de\/klasseblank\/index.php?rest_route=\/wp\/v2\/pages\/2154\/revisions"}],"predecessor-version":[{"id":2973,"href":"https:\/\/www.hgb-leipzig.de\/klasseblank\/index.php?rest_route=\/wp\/v2\/pages\/2154\/revisions\/2973"}],"up":[{"embeddable":true,"href":"https:\/\/www.hgb-leipzig.de\/klasseblank\/index.php?rest_route=\/wp\/v2\/pages\/637"}],"wp:attachment":[{"href":"https:\/\/www.hgb-leipzig.de\/klasseblank\/index.php?rest_route=%2Fwp%2Fv2%2Fmedia&parent=2154"}],"curies":[{"name":"wp","href":"https:\/\/api.w.org\/{rel}","templated":true}]}}

<p>Doppeleröffnung am 11. Juni um 18:00</p>
<p>Rémy Zaugg und die Klasse für Installation und Raum</p>
<p>Galerie bipolar<br />
Haferkornstraße 15<br />
04129 Leipzig</p>
<p>Öffnungszeiten der Galerie:<br />
Donnerstag &#8211; Samstag: 17:00 &#8211; 20:00 Uhr; Sonntag: 16:00-19:00 Uhr (und nach Vereinbarung)</p>
<p>Parallel zur Eröffnung der Ausstellung „Pas de bla bla !“ mit Druckgrafiken von Rémy Zaugg eröffnet in der Vorhalle der Galerie bipolar eine Ausstellung der Klasse für Installation und Raum der HGB Leipzig. Zauggs praktische und theoretische Werke sind für die Klasse auch und gerade in Hinblick auf den Umgang mit Orten und deren Bedeutungsgestaltung besonders relevant. Dem stark konzeptionellen Ansatz Zauggs begegnen die Künstlerinnen und Künstler der HGB mit prozesshaftem Arbeiten im- und mit dem Ausstellungsraum. Im Vorfeld der Eröffnung hatten die Studierenden einige Wochen Zeit vor Ort ihre Arbeiten zu entwickeln, zu testen und umzusetzen. In der für diesen Zeitraum als kollektives Atelier umfunktionierten Galerie entstand ein hybrides Gebilde aus künstlerischen Gruppen-und Einzelinteressen, das auch als Prolog von Zauggs Druckgrafiken fungiert und einen aktuellen Überblick der Kunstproduktion der Klasse für Installation und Raum zeigt.</p>
<p>mit Jessica Arseneau, Samuel Bich, Sophie Blet, Jamal Cazaré, Katarína Dubovská, Andrea Garcia Vasquez, Anne Georgius, Friedrich Günther, Anaïs Goupy, Marlet Heckhoff, Christian Holze, Steffen Kraska, Elva Lai, Alexander Lorenz, Ronak Moshtaghi, Zaida Guerrero Casado, Carsten Saeger, Malte Urban, Yana Zschiedrich &#038; Rémy Zaugg</p>
<div id="carousel-2154-1" class="carousel slide" data-ride="carousel" data-interval="0"><div class="carousel-inner" role="listbox"><div class="item active"><img class="ca-img" src="https://www.hgb-leipzig.de/klasseblank/wp-content/uploads/2016/07/DSC_00471-1024x685.jpg" width="1024px" height="685px" ><div class="carousel-caption">garcia</div></div><div class="item"><img class="ca-img" src="https://www.hgb-leipzig.de/klasseblank/wp-content/uploads/2016/07/DSC_01071-685x1024.jpg" width="685px" height="1024px" ><div class="carousel-caption">arseneau</div></div><div class="item"><img class="ca-img" src="https://www.hgb-leipzig.de/klasseblank/wp-content/uploads/2016/07/troja_img1-730x1024.jpg" width="730px" height="1024px" ><div class="carousel-caption">flyer_front</div></div><div class="item"><img class="ca-img" src="https://www.hgb-leipzig.de/klasseblank/wp-content/uploads/2016/07/DSC_00141-1024x685.jpg" width="1024px" height="685px" ><div class="carousel-caption">guenther, kraska</div></div><div class="item"><img class="ca-img" src="https://www.hgb-leipzig.de/klasseblank/wp-content/uploads/2016/07/DSC_00831-685x1024.jpg" width="685px" height="1024px" ><div class="carousel-caption">holze</div></div><div class="item"><img class="ca-img" src="https://www.hgb-leipzig.de/klasseblank/wp-content/uploads/2016/07/DSC_00121-1024x685.jpg" width="1024px" height="685px" ><div class="carousel-caption">lai, saeger, zschiedrich</div></div><div class="item"><img class="ca-img" src="https://www.hgb-leipzig.de/klasseblank/wp-content/uploads/2016/07/Rückseite2-1024x726.jpg" width="1024px" height="726px" ><div class="carousel-caption">flyer_back</div></div><div class="item"><img class="ca-img" src="https://www.hgb-leipzig.de/klasseblank/wp-content/uploads/2016/07/DSC_00891-685x1024.jpg" width="685px" height="1024px" ><div class="carousel-caption">cazare</div></div><div class="item"><img class="ca-img" src="https://www.hgb-leipzig.de/klasseblank/wp-content/uploads/2016/07/DSC_00371-1024x685.jpg" width="1024px" height="685px" ><div class="carousel-caption">blet, holze, lorenz</div></div><div class="item"><img class="ca-img" src="https://www.hgb-leipzig.de/klasseblank/wp-content/uploads/2016/07/DSC_00951-1024x685.jpg" width="1024px" height="685px" ><div class="carousel-caption">cassado</div></div><div class="item"><img class="ca-img" src="https://www.hgb-leipzig.de/klasseblank/wp-content/uploads/2016/07/DSC_00011-1024x685.jpg" width="1024px" height="685px" ><div class="carousel-caption">heckhoff, lorenz, garcia</div></div><div class="item"><img class="ca-img" src="https://www.hgb-leipzig.de/klasseblank/wp-content/uploads/2016/07/DSC_00171-1024x685.jpg" width="1024px" height="685px" ><div class="carousel-caption">lorenz, urban, georgics</div></div><div class="item"><img class="ca-img" src="https://www.hgb-leipzig.de/klasseblank/wp-content/uploads/2016/07/DSC_00151-1024x685.jpg" width="1024px" height="685px" ><div class="carousel-caption">lai, saeger, zschiedrich</div></div></div><a class="left carousel-control" href=#carousel-2154-1 " role="button" data-slide="prev">
    <span class="glyphicon glyphicon-chevron-left" aria-hidden="true"></span>
    <span class="sr-only">Previous</span>
  </a>
  <a class="right carousel-control" href=#carousel-2154-1 " role="button" data-slide="next">
    <span class="glyphicon glyphicon-chevron-right" aria-hidden="true"></span>
    <span class="sr-only">Next</span>
  </a></div>

<p>Doppeleröffnung am 11. Juni um 18:00 Rémy Zaugg und die Klasse für Installation und Raum Galerie bipolar Haferkornstraße 15 04129 Leipzig Öffnungszeiten der Galerie: Donnerstag &#8211; Samstag: 17:00 &#8211; 20:00 Uhr; Sonntag: 16:00-19:00 Uhr (und nach Vereinbarung) Parallel zur Eröffnung der Ausstellung „Pas de bla bla !“ mit Druckgrafiken von Rémy Zaugg eröffnet in der &hellip; <a href="https://www.hgb-leipzig.de/klasseblank/?page_id=2154">Continued</a></p>
